e the remainder when 3 - 5 - d*7 is divided by 16.
13
Let h be (-1 + 0)/((-5)/100). Calculate the remainder when 1132/h + -4 + (-4)/(-10) is divided by 19.
15
Let l(x) = -6*x + 42. Calculate the remainder when 98 is divided by l(0).
14
Let p = 72 + -38. What is the remainder when 198 is divided by p?
28
Suppose 0 = 16*r - 530 + 114. What is the remainder when 309 is divided by r?
23
Calculate the remainder when 124 is divided by -1*(8/(-6) + 182/(-21)).
4
Let d be ((-4)/(-2))/(8/(-32)). Let h be (3 - 2) + 3*6. Let j = d + h. Calculate the remainder when 30 is divided by j.
8
Let s(p) = 5*p**2 - p + 2. Let b be s(6). Suppose -2*i - 118 - 134 = 0. Let x = b + i. What is the remainder when x is divided by 13?
11
Let i be -12*(-5)/((-40)/(-12)). Suppose -20*y + 23*y - i = 0. What is the remainder when 20 is divided by y?
2
Let o be 6*(-2 + (-32)/(-12)). Suppose a + 16 = 4*j, j - o = -0*j - 2*a. Let k = 70 + -65. Calculate the remainder when k is divided by j.
1
Let j(o) = -o**3 - 11*o**2 + 9*o - 5. Let g(f) = -f**2 + 19*f + 8. Let a be g(20). What is the remainder when 61 is divided by j(a)?
30
Let g = -4908 + 2576. Calculate the remainder when g/(-77) + 4/(-14) is divided by 18.
12
Let i be (17/(-85))/(2/(-30)). Suppose -3*c + 7*c - 4*v = 44, 2*v = i*c - 32. Calculate the remainder when 36 is divided by c.
6
Let y(t) = -t + 2. Let u be y(0). Suppose 63 = u*l - 29. Calculate the remainder when l is divided by 12.
10
Suppose -5*s + h - 29 = 3*h, h = -2*s - 12. Suppose -5*t + 31 = -19. Calculate the remainder when 34/(-5)*s/2 is divided by t.
7
Let k(p) = -2*p - 35. Let v be k(-20). Calculate the remainder when 35 is divided by (-65 + 20)*((-2)/v)/1.
17
Suppose 16*z = 30*z - 98. What is the remainder when 19 is divided by z?
5
Let y = -50 + 67. What is the remainder when 184 is divided by y?
14
Suppose -59*t = -55*t - 260. Calculate the remainder when 144 is divided by t.
14
Let j(s) = 4*s**2 + 100*s - 9. Calculate the remainder when 474 is divided by j(-26).
94
Suppose 0 = 2*g - 4*b - 58, 0 = -3*g + 2*b + b + 96. Suppose 11*y = y - 200. Let x = y + g. What is the remainder when x is divided by 8?
7
Let u(q) = 23*q**2 + 5*q - 20. What is the remainder when u(-4) is divided by 55?
53
Suppose 2*z + 0*z = 132. Suppose 119 = -28*q + 35*q. Calculate the remainder when z is divided by q.
15
Suppose 4*f + 0*f - n - 39 = 0, 0 = 2*f - 4*n - 2. What is the remainder when 327 is divided by f?
8
Let p(h) = -h**2 - 6*h + 4. Suppose 30 = -2*q - 3*q. Let a be p(q). Let k(r) = r**3 - 2*r**2 - 4*r + 4. What is the remainder when 58 is divided by k(a)?
18
Let k(g) = 6*g - 15. Let l be k(-2). Suppose 4 = -2*n, 0*p + 368 = 4*p - 4*n. Calculate the remainder when p is divided by (-418)/(-18) + 6/l*1.
21
Let d = 48 - -36. Suppose -2*z = 2*s - d, 4*s = 4 + 16. Suppose -5*o - 5*n + 115 = 0, -50 = -3*o + o - 3*n. What is the remainder when z is divided by o?
18
Suppose -2*k - p + 43 = 0, 3*k - p - 17 = 2*k. Let x = 5 - 4. Let d = 39 - x. What is the remainder when d is divided by k?
18
Let p = -489 + 525. What is the remainder when 431 is divided by p?
35
Let l = 5 - -5. Suppose -l = -2*k, -k = 2*i - 3*k - 44. Suppose -i = -y - 9. Calculate the remainder when 51 is divided by y.
15
Suppose -4*b + k = 2*k - 160, 2*b - 70 = 2*k. Calculate the remainder when 350 is divided by b.
38
Suppose -437 = 71*d - 15063. What is the remainder when d is divided by 11?
8
Let t(b) = -b + 2. Let d be t(-6). Let y(c) = -c**3 + 7*c**2 + 12*c + 11. What is the remainder when 170 is divided by y(d)?
41
Suppose 0 = -0*g + 2*g. Suppose 4*w - 2*i = 74, g = -5*i - 0 + 5. Suppose -2*y + 376 = 2*y. Calculate the remainder when y is divided by w.
18
Let p be ((-96)/(-18) + 2)*1*3. Let l(g) = -g**3 + 21*g**2 + 24*g - 19. Calculate the remainder when l(p) is divided by 11 + 1 - 2/(-1).
11
Suppose -80*v = 20*v - 2400. What is the remainder when 12/(-10)*(-290)/3 is divided by v?
20
Suppose 6*t - t = a - 35, 3*a - t - 91 = 0. Suppose a = 2*n - 94. What is the remainder when n is divided by 32?
30
What is the remainder when 166 is divided by 37 - -1*0/7?
18
Suppose 0 = -4*o + 5*w + 483, 0*w = 2*o + w - 231. What is the remainder when o is divided by 26?
13
Let r be 26/(-26) + (1 + 0)*3. Suppose 0 = -r*d + 24 + 2. What is the remainder when d is divided by 8?
5
Suppose 11*o + 6 = 5*o. Calculate the remainder when 123 is divided by 32 + -1 - (-1)/(o - -2).
27
Suppose -4*c = -2*n - 3*n - 308, 4*c = 2*n + 116. Let j = 0 - n. Calculate the remainder when j is divided by 13.
12
Let v(u) = u**3 - 5*u**2 - 5*u + 13. What is the remainder when 66 is divided by v(6)?
9
Suppose 1153 + 4231 = 8*u. Calculate the remainder when u is divided by 52.
49
Let f be (-3 + 2)*-1 - -2. Let k be f - (3/3 - 7). Calculate the remainder when 5 is divided by (1 + 7)*k/18.
1
What is the remainder when 411 is divided by 220/(-10) - -12 - -19?
6
Let d = -825 - -953. What is the remainder when d is divided by 26?
24
Let o be (-4)/((-3 - 0) + 2). Suppose 2*f = 8, 2*z - o*f + 14 = 3*z. Calculate the remainder when (2 + 8)*(-11)/z is divided by 29.
26
Let f = -115 + 18. Let z = -31 - f. What is the remainder when z is divided by 10?
6
Let p = 59 + -32. Let c = 5 + -17. Let h = c + 19. Calculate the remainder when p is divided by h.
6
Let o = -622 + 711. Calculate the remainder when o is divided by 39.
11
Suppose 0 = -17*u - 10*u + 3240. Calculate the remainder when u is divided by 42.
36
Let s be 2 - (-55 + 1 + -2). Suppose 5*n - 3 = -s. What is the remainder when 11 is divided by (-46)/n + (-4)/22?
3
What is the remainder when 76 is divided by 1*-1 - (146 - 175)?
20
Let f = 468 - 450. Suppose -5*z = -14 - 1. What is the remainder when 4 + (0 - z) - -30 is divided by f?
13
Suppose 2*o = 7*o + s - 136, 3*o - 88 = s. Suppose -o = -4*d + 28. Suppose -8*h = -3*h - 265. Calculate the remainder when h is divided by d.
11
Let t(y) = -y + 62. Let z be t(26). Calculate the remainder when 127 is divided by (-8)/2 + 0 + z.
31
Let l = -2 + 6. Suppose -l*r - 1 - 3 = 0. What is the remainder when 70 is divided by (1 + 0)*r - -19?
16
Let r(y) = -y. Let k(d) = 2*d - 15. Let x = 21 - 12. What is the remainder when k(x) is divided by r(-1)?
0
Suppose 3*m + 9 = 2*d, -4*d + 7 = 5*m - 0*m. Let i(j) = 2*j - 4. Let t = 5 - 1. What is the remainder when i(t) is divided by d?
1
Let f = -4 - -13. Let z = 247 - 213. Calculate the remainder when z is divided by f.
7
Let p = -4 + 5. Let l be p/(-1)*(2 - 4). Suppose l*n + 24 = 74. Calculate the remainder when n is divided by 7.
4
Let s be (-15)/((-30)/14 - -2). Let a be (264/(-10))/((-14)/s). Suppose 2*v - 10 = 0, 0 = 2*r + r + 3*v - a. What is the remainder when r is divided by 16?
13
Suppose -13 = -11*n + 31. Calculate the remainder when 29 is divided by n.
1
Suppose x - 4*f = -3*x + 116, -3*f = 4*x - 130. Suppose -2*p = -27 - x. What is the remainder when 142 is divided by p?
26
Let p(r) = r - 1. Let q(z) = 2*z**2 + 12*z + 12. Let m(c) = -4*p(c) + q(c). What is the remainder when m(-8) is divided by (-27)/((2 - 2) + -1)?
26
Let a = -11 - -14. Let b be (-1 - (-2)/(-1)) + a. Suppose 2*g - 6*q - 48 = -3*q, b = g - 5*q - 24. Calculate the remainder when 47 is divided by g.
23
What is the remainder when 298/2*26/26 is divided by 50?
49
Calculate the remainder when -4 - -1 - (-8)/((-64)/(-664)) is divided by 22.
14
Let z(o) = -o**3 - 21*o**2 + o + 26. Let y be z(-21). What is the remainder when 24 is divided by 15/5 - y - -7?
4
Let p(s) = s**3 - 50*s**2 + 3*s - 93. What is the remainder when 1253 is divided by p(50)?
56
Let g be (-1)/(0 - 4/(-4)) - -75. Suppose -19 = -5*x - 2*i + g, -i + 4 = 0. Calculate the remainder when 118 is divided by x.
16
Let w = 20 + -11. Suppose 0 = -89*x + 92*x - 12. Let n = 29 + x. What is the remainder when n is divided by w?
6
Let p(q) = -q**2 + 20. Let r(x) = x**3 + 6*x**2 - 4*x + 8. Let a(s) = -5*s**2 - 1. Let n be a(1). What is the remainder when r(n) is divided by p(-3)?
10
Suppose 0 = -125*k + 3877 + 248. Calculate the remainder when 305 is divided by k.
8
Suppose 32 = -6*j + 4*j. What is the remainder when 89 + (3 - j/(-4)) is divided by 30?
28
Let t be 3/(2/(-7) + (-29)/(-28)). Suppose -j + 19 + t = 5*x, 2*j = -3*x + 18. Calculate the remainder when 18 is divided by j.
0
Calculate 